is q(a)?
5
Suppose -2 = -2*c - 0. Let h be (-18)/(-21)*7/c. Let m(f) = f. Determine m(h).
6
Let u(m) = -m + 2. Let d(a) = 10*a - 16. Let b(j) = 2*j - 3. Let p(i) = -14*b(i) + 3*d(i). Let t be p(5). Give u(t).
-2
Let g(v) = 8*v**2 - v + 1. Suppose 5*l + 5*d - 10 = 10*d, 3*l - 12 = -3*d. Let k = -2 + l. Let j = 2 - k. Calculate g(j).
8
Let w(i) be the second derivative of i**3/6 - i**2/2 - 8*i. Give w(-4).
-5
Let a = -8 - -16. Let j = -8 + a. Let b(s) = -s**3 + s**2 + 1. Give b(j).
1
Let c = 1 + 22. Suppose 0 = -5*t - c + 3. Let n(u) = -2 + 5*u**2 + u**3 + 1 + 2*u - 1. Determine n(t).
6
Let m(q) = -q**2. Let f(h) = 5*h**2 + 2*h - 3. Let g(k) = f(k) + 4*m(k). Suppose 0 = 5*d - 3*d - 4. What is g(d)?
5
Let u(l) = -l**2 + 8*l + 5. Let p be u(5). Let a be (p/(-6))/((-14)/21). Let z(d) = d - 6. Give z(a).
-1
Suppose 2*j - a - 4 = 0, -3*j + 5 = -2*j - 2*a. Suppose -u + 1 = -s, -5*u + j - 6 = -3*s. Let x(p) = -p**2 - 8*p - 7. Determine x(s).
8
Suppose -3*w - 4 = -2*w. Let p(v) be the first derivative of v**2/2 + 4*v - 2. Determine p(w).
0
Let y be 6/3 - (-1 - 19). Suppose 0*b - 4*b + x = 19, 4*b + y = 2*x. Let f(o) = -o**3 - 4*o**2 + o - 3. What is f(b)?
-7
Let p(q) = -2*q + 4. Suppose 0 = 5*z - 7*z + 4. Suppose 0 = -z*n + 6*n - 28. Determine p(n).
-10
Let q(x) = -x - 11. Let t be q(-16). Let r = 0 - t. Let k(o) = o**3 + 4*o**2 - 5*o + 3. Calculate k(r).
3
Let f(w) = -5*w. Let n(h) = -14*h - 1. Let b(a) = -11*f(a) + 4*n(a). What is b(4)?
-8
Let c(b) be the third derivative of -b**6/120 - b**5/12 - b**4/24 + b**3/6 + 2*b**2 - 57*b. Let d(v) = v**2 - 4*v + 2. Let z be d(2). What is c(z)?
-9
Let z(k) be the third derivative of -5*k**4/24 + 2*k**3/3 + 2*k**2. Let h(r) = -24*r + 20. Let g(w) = 3*h(w) - 14*z(w). What is g(3)?
-2
Let h(c) = c**3 - c**2 - c. Let b(a) = a**2 - 3*a - 7. Let d be (-4)/(-6) + 26/6. Let m be b(d). Suppose 6*y + m*q = y - 2, -4*q + 7 = -3*y. Give h(y).
-1
Let h(l) = l**2 + l + 1. Suppose 5*s = 2*r - 4, 2*s + 3 = 2*r - 1. What is h(s)?
1
Let b(l) = l - 5. Let o be 29 - ((-3)/1)/3. Suppose 3*u - 8*u + o = 0. Let p(g) = 2*g - 6. Let v be p(u). What is b(v)?
1
Let c(y) = y**2 + y - 5. Let w(j) = -j**2 - 3*j. Suppose -4*o - 17 + 1 = 0. Let x be w(o). What is c(x)?
7
Let s(l) = l**3 - 4*l**2 - 3*l - 3. Let h be ((-45)/6)/(3/(-2)). Calculate s(h).
7
Let c(b) = b**2 - 4. Suppose k - 5*k = -2*k. Calculate c(k).
-4
Let z(n) = -n**2 + 5. Let x = -6 + 3. Let p = x - -8. Suppose -q = q + 2*w + 10, 4*q + p*w = -25. Determine z(q).
5
Suppose 2*w = 6*w - 2*q - 10, 0 = 5*w - 3*q - 10. Let n(z) = -3*z - 1. What is n(w)?
-16
Let z = -5 - -4. Let t(i) be the third derivative of 0 - 11/60*i**5 + 0*i - i**2 + 1/6*i**3 + 0*i**4. Determine t(z).
-10
Let t(y) = -y**3 + 2*y + 2. Let i be t(0). Let s(h) = h**2 + h**2 + 0*h**i + h - h**3 - 2*h. What is s(2)?
-2
Let t(x) = -4*x**3 - 7*x**2 + 2*x - 5. Let i(y) = 3*y**3 + 6*y**2 - y + 5. Let c(a) = -3*i(a) - 2*t(a). Let u be (-16 - -20) + -7 + -1. Calculate c(u).
-1
Let y(h) be the second derivative of h**5/20 - h**4/4 + h**3/3 + h**2 + 2*h. Let o be y(2). Let i(r) = -2*r + 2. Give i(o).
-2
Suppose x - 4 = -x. Suppose 3*c + u - 7 = 0, -4*c + 5*u - 8*u + 6 = 0. Let j(a) = a - 3 + c - 5 + x. Give j(3).
0
Let a = 7 - 2. Let j(b) = -b + 4 - 4 - 5. Determine j(a).
-10
Let u(g) = -g**2 + 6*g + 5. Suppose -2*r = -m - 15 - 0, 2*r - 3 = -3*m. Determine u(r).
5
Let w(b) = 3 + 5*b**2 - 2*b**2 - 2*b**2 - 7*b. Let i be w(6). Let s(g) = -2*g - 1. Let z(m) = 1. Let h(n) = s(n) - z(n). What is h(i)?
4
Let b = 100 + -97. Let r(i) = i**3 - 4*i**2 + 4*i - 3. Give r(b).
0
Let i(r) = r**3 - 3*r**2 - 10*r + 2. Let l be i(5). Let t(u) = u**2 + u - 2. What is t(l)?
4
Suppose 4*i + 39 = 11. Let t(o) = 6*o + 4. Let d(b) = 11*b + 9. Let z(x) = i*t(x) + 3*d(x). Determine z(-1).
8
Suppose -2 = 3*v + 16. Let a be 3/v - (-13)/2. Let x(q) = q**2 - 4*q - 7. What is x(a)?
5
Let w(a) = 4*a**3 - 16*a**2 + 2*a. Let j(i) = -3*i**3 + 11*i**2 - i. Let c(b) = -7*j(b) - 5*w(b). Let z = -8 + 5. Let s = z + -1. What is c(s)?
-4
Let z(r) be the second derivative of r**4/12 + r**3 - 2*r**2 + 11*r. Give z(-6).
-4
Let x be (-3)/(-15) + 63/(-15). Let q(z) = -z - 3. Determine q(x).
1
Let j(s) be the third derivative of -s**5/20 + s**4/12 + s**3/6 + s**2. Let w(m) = -m + 15. Let i be w(13). What is j(i)?
-7
Let p(w) = 3*w**3 - 3*w**2 + 2*w + 1. Let q be (-6)/12 - (-10)/4. Determine p(q).
17
Let j be (-7)/2*(-12)/21. Let m(s) = 2*s**2 - s + 1. What is m(j)?
7
Let u(k) be the second derivative of -k**3/2 - k**2 - 16*k. Let y(d) = -d**3 - 6*d**2 - d - 8. Let i be y(-6). Give u(i).
4
Let g(c) = 5*c + c**3 - 2*c - 7*c**2 - 1 + 4*c. Suppose 5*q = v + 31, 4*q - 2 = 4*v + 26. What is g(q)?
5
Let k(t) = t**3 + 7*t**2 + 5*t - 6. Let f(l) = -l**2 - l - 6. Let h be f(0). Calculate k(h).
0
Suppose 2*r + 45 = 7*r. Let o(x) = -r*x + 4*x - 4*x. Calculate o(1).
-9
Suppose 0 = -5*v - 5*x + 2*x + 55, 55 = 5*v - 5*x. Suppose 2*d - 5 = -3*p, d - 9 = -5*p - 3. Let j(b) = -b + 5*b + v*b**2 - 4*b - d - b. Determine j(-1).
11
Let g(h) = h - 8. Let t(p) = -1. Let r(b) = g(b) - 4*t(b). What is r(6)?
2
Let l(b) be the first derivative of -b**4/4 - 8*b**3/3 + b**2 + 5*b + 59. Determine l(-8).
-11
Let g(r) = r + 2 - 3*r + 3. Let h(x) = -2*x + 6. Let c(t) = 2*g(t) - 3*h(t). Determine c(6).
4
Let s(w) be the second derivative of -w**5/10 - w**4/4 - w**3/3 - 3*w**2/2 + w. Let h be 12/(-2)*(-2)/6. Let m be (1 + -3)*(-1 + h). What is s(m)?
5
Let z(r) = 13*r + 1. Suppose u = 4 - 5. Calculate z(u).
-12
Let g(k) = -k**2 + 2*k + 1. Let x(f) = -f**3 - 10*f**2 + 3*f + 5. Let r(z) = 4*g(z) - x(z). Let p be (-3)/(-12) + (-42)/8. Determine r(p).
-1
Let d(h) = -3*h**2. Let i be d(1). Let p be 4 + -2 + (-2 - i). Let n(z) be the first derivative of -z**3/3 + z**2/2 + 4*z - 3. Determine n(p).
-2
Let w(r) = 2 + 0 + 1 - 2*r + 2. Calculate w(6).
-7
Let a(i) = -i**3 - 6*i**2 - 3*i + 3. Let r = 89 + -94. Calculate a(r).
-7
Let j(x) = 3*x + 8. Let n(o) = -2*o - 8. Let g(c) = 3*j(c) + 4*n(c). Give g(6).
-2
Let p(k) be the first derivative of k**4/4 + 2*k**3 + 5*k**2/2 + 2*k + 15. Suppose 3*o - 4*n = -19, 3*o + 2*o + n = -1. Let m be (-57)/12 + o/4. Calculate p(m).
2
Let j(o) be the second derivative of o**5/20 + o**4/3 - o**3/2 + 3*o**2 - 7*o. Determine j(-5).
-4
Let v(p) = p**2 - 4*p + 3. Let x(f) = -f**2 + 8*f + 5. Let c be x(8). Determine v(c).
8
Let w(k) = 2*k - 6. Suppose 16 = 4*v + 5*s, -5*v + 20 = -4*s - 0*s. Suppose -5 = -v*n + 15. Calculate w(n).
4
Let a(h) be the second derivative of -7*h + 5/2*h**2 + 0 + 0*h**3 + 5/12*h**4 + 1/20*h**5. What is a(-5)?
5
Let m(v) = v**2 + 4 - 1 + 3*v + 1. Give m(-4).
8
Let y(w) = -5*w**2 + 2*w - 7. Let h(c) = -11*c**2 + 4*c - 15. Let d(o) = 6*h(o) - 13*y(o). Suppose -4*l + 5*l - 1 = 0. Give d(l).
-2
Suppose 2 = -3*z + 2*c, 3*z - 5*c = 10 + 3. Let l(d) = -7*d - 8. Suppose 0 = 4*w - 5 - 11. Let k(g) = -6*g - 7. Let a(p) = w*k(p) - 3*l(p). What is a(z)?
8
Let z(u) be the third derivative of -1/24*u**4 + 0 + 0*u + 1/6*u**3 - 4*u**2. Calculate z(0).
1
Let a(p) = p**3 - p**2 - p - 4. Suppose -6 = -3*f - 2*u + 11, -f + 15 = 3*u. Give a(f).
11
Let b(l) = 3 + 2 + 0 - 1 + l. Give b(-5).
-1
Let q(r) = -3*r**2 - 6*r + 6. Let n(i) = -7*i**2 - 11*i + 13. Let s(p) = -2*n(p) + 5*q(p). Calculate s(-6).
16
Let l(a) = -4*a + 1. Suppose 0 = 3*b - q - 1 - 9, 0 = 5*b + 5*q + 10. Calculate l(b).
-7
Suppose 2*k - k - 4 = 0. Let u(l) = -2 + 1 - 4 + k*l + 4. Calculate u(2).
7
Let m(p) = p**2 - p - 1. Let l(r) = -r**3 + 4*r**2 - r + 4. Suppose -4*c - 12 + 0 = 0. Let q(f) = c*m(f) - l(f). Give q(6).
-13
Let q(l) be the first derivative of -3*l - 2/3*l**3 + 2*l**2 + 1/4*l**4 - 3. Determine q(2).
5
Let v(i) = -i**2 + 7*i. Let l be (36/(-30))/((-2)/(-10)). Let s be -2 + 0 + 2 - l. What is v(s)?
6
Let h(d) = 4*d**2 - 10 + d**3 - 1 + 4*d**2 + 10*d - 11*d. Give h(-8).
-3
Suppose -2*p = -0*s - 5*s + 4, 2*s + 8 = -4*p. Let r(h) = -2*h**3 - 3*h**2 - h. What is r(p)?
6
Let n(w) = -4*w**2 + 5*w**2 + 9 - 3 + 0*w + 6*w. Give n(-6).
6
Let v = 17/48 - 3/16. Let s(l) be the second derivative of -1/20*l**5 + 0 + 0*l**3 - 3*l + l**2 + v*l**4. Determine s(2).
2
Let m = 6 - 6. Suppose m = -3*k + 7*k + 8. Let v(s) = -s + 5. Let j(i) = -2*i + 9. Let l(p) = 6*j(p) - 11*v(p). What is l(k)?
1
Let l(b) = b**2 + 4*b + 5. Le